{"id":105,"date":"2014-11-23T20:21:21","date_gmt":"2014-11-23T20:21:21","guid":{"rendered":"http:\/\/www.vsbw.de\/~axhim\/muse\/?page_id=105"},"modified":"2015-10-08T09:48:59","modified_gmt":"2015-10-08T09:48:59","slug":"abgeschlossene-abschlussarbeiten","status":"publish","type":"page","link":"https:\/\/muse.bayern\/?page_id=105","title":{"rendered":"Abgeschlossene Abschlussarbeiten"},"content":{"rendered":"<p>Folgende Abschlussarbeiten wurden von Professor Hof betreut (Arbeiten an der Hochschule M\u00fcnchen sowie an der Universit\u00e4t Karlsruhe):<\/p>\n<h2>Themenfeld \u201eMobile Security\u201c<\/h2>\n<ul>\n<li>Analyse und Evaluierung von L\u00f6sungen zur Absicherung mobiler Endger\u00e4te und Entwicklung einer App f\u00fcr den Einsatz in Polizeibeh\u00f6rden [Master]<\/li>\n<li>Entwicklung eines Frameworks zur automatisierten Bytecodeanalyse von Android Apps [Bachelor]<\/li>\n<li>Sicherheitsbewertung von Verfahren zum kontaktlosen Bezahlen mittels NFC [Bachelor]<\/li>\n<li>Entwicklung eines Security Frameworks f\u00fcr mobile Anwendungen [Bachelor]<\/li>\n<li>Entwicklung eines Security Testing Guides f\u00fcr mobile Apps [Bachelor]<\/li>\n<li>Penetration Guide f\u00fcr mobile Ger\u00e4te [Bachelor]<\/li>\n<li>Sicherheitsanalyse von aktuellen Bring-Your-Own-Device-Konzepten [Bachelor]<\/li>\n<li>Entwicklung eines Security Frameworks f\u00fcr mobile Anwendungen [Bachelor]<\/li>\n<\/ul>\n<h2>Themenfeld \u201eEntwicklung sicherer Software und Sicherheitstests von Software\u201c<\/h2>\n<ul>\n<li>Vergleich von API-Hooking Frameworks und Implementierung eines API-Hooking Penetration Testing-Frameworks [Bachelor]<\/li>\n<li>Injecting Security into Agile Software Development [Bachelor]<\/li>\n<li>Entwicklung eines sicheren Moduls zur zentralen Benutzerverwaltung von verteilten Datentransfer-Servern [Bachelor]<\/li>\n<li>Ein zustandsbehafteter Fuzzer f\u00fcr das Transmission Control Protocol (TCP) [Master]<\/li>\n<li>Entwicklung eines Schutzkonzepts f\u00fcr Ethernet- und IP-basierte Fahrzeugbordnetze [Master]<\/li>\n<li>Sicherheitsaspekte serverseitigen JavaScripts [Master]<\/li>\n<li>Secure ABAP Programming [Bachelor]<\/li>\n<li>Entwicklung sicherer Software mit agilen Softwareentwicklungsprozessen [Bachelor]<\/li>\n<li>Secure Agile Software Development [Bachelor]<\/li>\n<li>Metriken f\u00fcr Software-Qualit\u00e4t und IT-Sicherheit in Scrum [Bachelor]<\/li>\n<li>Security Development Lifecycle f\u00fcr Scrum [Bachelor]<\/li>\n<li>Secure Scrum \u2013 Der Weg zu einer sicheren Software [Bachelor]<\/li>\n<li>Black-Box-Testing von Serversoftware mithilfe von automatisiertem, lernendem Fuzzing [Bachelor]<\/li>\n<\/ul>\n<h2>Themenfeld \u201eNetzwerksicherheit und Sicherheit von Web-Anwendungen\u201c<\/h2>\n<ul>\n<li>Implementierung einer Authentifizierungs- und Autorisierungsschnittstelle f\u00fcr Web-Anwendungen [Bachelor]<\/li>\n<li>Sicherheitsaspekte serverseitigen Java-Scripts &#8211; Untersuchung der Plattform node.js anhand einer beispielhaften Webserver-Implementierung [Maser]<\/li>\n<li>Erweiterung eines Werkzeugs zur Informationssammlung \u00fcber Domains zum Zweck der Sicherheitsanalyse [Bachelor]<\/li>\n<li>Analyse von Merkmalen sch\u00e4dlicher Domains sowie Konzeption und prototypische Implementierung eines Domainbewertungssystems [Bachelor]<\/li>\n<li>Web Application Honeypots with Focus on SQL Injection Emulation Capabilities [Master]<\/li>\n<li>Security Monitoring f\u00fcr Serversysteme bei der SpaceNet AG [Bachelor]<\/li>\n<li>Counter Obfuscation f\u00fcr Web Scraper [Master]<\/li>\n<li>Sicherheitsanalyse der TLS-Konfiguration von SMTP-Installationen [Bachelor]<\/li>\n<li>Implementierung einer Firefox-Erweiterung zur Anmeldung auf Webseiten mithilfe von Einmalpassw\u00f6rtern [Bachelor]<\/li>\n<li>Die zehn gr\u00f6\u00dften Datenschutzrisiken in Web-Anwendungen [Master]<\/li>\n<li>Konzeption eines sicheren Vertrauenssystems f\u00fcr Fahrzeug-Ad-hoc-Netze [Diplom]<\/li>\n<li>Erkennung und Pr\u00e4vention von Angriffen auf TCP-Instanzen [Diplom]<\/li>\n<li>Authentifizierung und Autorisation in SpoVNet [Diplom]<\/li>\n<li>DDoS Abwehr on Demand f\u00fcr Webapplikationen durch Virtualisierung [Bachelor]<\/li>\n<li>Facebook Encryption [Bachelor]<\/li>\n<li>Entwurf von Security Environments f\u00fcr das Future Internet [Bachelor]<\/li>\n<li>Sicherheitsbetrachtung IPv6 Rollout [Bachelor]<\/li>\n<li>Evaluation von Qualit\u00e4tsmerkmalen und Tests f\u00fcr Web Application Firewalls [Bachelor]<\/li>\n<li>Evaluation von Web-Application Firewalls [Bachelor]<\/li>\n<li>Anonymisierung von Datenverkehr [Bachelor]<\/li>\n<li>Cloud Security aus organisatorischer, regulatorischer und technischer Sicht [Bachelor]<\/li>\n<li>Implementierung einer Authentifizierungs- und Autorisierungs-Schnittstelle f\u00fcr Webanwendungen [Bachelor]<\/li>\n<\/ul>\n<h2>Themenfeld \u201eBenutzbarkeit von Sicherheitsmechanismen\u201c<\/h2>\n<ul>\n<li>Bewertung und Einordnung relevanter Sicherheitsaspekte und Techniken mobiler Instant Messenger hinsichtlich ihrer Nutzerakzeptanz sowie ihrer Usability [Bachelor]<\/li>\n<li>Bewertung g\u00e4ngiger Schl\u00fcsselaustauschverfahren hinsichtlich Benutzbarkeit und IT-Sicherheit [Bachelor]<\/li>\n<li>Entwicklung eines Konzepts f\u00fcr eine gut benutzbare E-Mail-Verschl\u00fcsselung [Bachelor]<\/li>\n<li>Erstellung eines Leitfadens f\u00fcr benutzbare Sicherheitsmechanismen [Master]<\/li>\n<li>Entwicklung eines benutzerfreundlichen Verfahrens zur Einrichtung von Credentials (Diplomarbeit)<\/li>\n<li>Entwicklung eines Konzepts zur Verbesserung der Benutzbarkeit von Enigmail [Bachelor]<\/li>\n<\/ul>\n<h2>Themenfeld \u201eSensornetze und Cyber-Physical Systems\u201c<\/h2>\n<ul>\n<li>Entwicklung eines Reputationssystems f\u00fcr Cyber-Physical Systems am Beispiel von InHMotion [Master]<\/li>\n<li>Risikoanalyse Cyber-Physical Systems [Bachelor]<\/li>\n<li>Authentifikation in anonymen Sensor-Aktor-Netzen [Diplom]<\/li>\n<li>Analyse, Optimierung und Evaluierung eines sicheren verteilten Dienstverzeichnisses f\u00fcr drahtlose Sensornetze [Diplom]<\/li>\n<li>Entwurf und Evaluierung einer Cluster-basierten Sicherheitsarchitektur f\u00fcr drahtlose Sensornetze [Diplom]<\/li>\n<li>Integration von ubiquit\u00e4ren Technologien in Enterprise Software Systeme [Diplom]<\/li>\n<li>ServiceCast, ein neues Kommunikationsparadigma f\u00fcr Sensor-Aktor-Netze [Diplom]<\/li>\n<li>ZigBee Ready &#8211; Implementierung und Evaluierung von IEEE 802.15.4 auf der Karlsruher Sensornetz Plattform [Diplom]<\/li>\n<li>Behandlung von Knotenausf\u00e4llen in Secure Content Addressable Networks [Diplom]<\/li>\n<li>Implementierung von Secure Content Addressable Network f\u00fcr TinyOS [Diplom]<\/li>\n<li>Adaptives Energiemanagement f\u00fcr Kommunikation in Sensornetzen [Diplom]<\/li>\n<li>Adaptives Energiemanagement in Sensorknoten [Diplom]<\/li>\n<li>Implementierung eines Routing-Protokolls f\u00fcr Sensornetze [Diplom]<\/li>\n<li>Sichere Cluster-Architekturen f\u00fcr Sensornetze [Diplom]<\/li>\n<li>Sicherheit in Sensornetzen durch Einbeziehung von Kontext-Informationen [Diplom]<\/li>\n<li>Vom Modell zur Realisierung eines dienstorientierten Sensornetzes [Diplom]<\/li>\n<li>Sichere Lastverteilung und Redundanz in Secure Content Addressable Networks [Diplom]<\/li>\n<li>Implementierung zweier Schl\u00fcsselaustauschverfahren f\u00fcr Sensornetze [Diplom]<\/li>\n<li>Integration eines iPAQs in Sensornetze [Diplom]<\/li>\n<li>Perimeterschutz durch Sensornetze [Diplom]<\/li>\n<li>Realisierung einer &#8220;One Chip Bluetooth Solution&#8221; zur drahtlosen Daten\u00fcbertragung in der medizinischen Mikrosystemtechnik [Diplom]<\/li>\n<\/ul>\n<h2>Arbeiten aus anderen Themenfeldern<\/h2>\n<ul>\n<li>Implementierung einer Web-Anwendung zur Auswertung von Stammbaumdaten [Bachelor]<\/li>\n<li>Implementierung eines Softwaredeployment-Frameworks f\u00fcr Virtuelle Maschinen [Bachelor]<\/li>\n<li>Wirtschaftliche Auswirkungen IT-Sicherheitsrisiken bei Energieversorgern [Bachelor]<\/li>\n<li>Schutzmechanismen gegen Produktpiraterie mit 3D-Druckern [Bachelor]<\/li>\n<li>Entwurf und Implementierung eines Verfahrens zur sicheren Zustellung von E-Mails basierend auf Geoinformationen [Bachelor]<\/li>\n<li>Koordinationsmechanismus zur verteilten Abwehr von Spam [Bachelor]<\/li>\n<li>Entwicklung einer Web-Anwendung f\u00fcr die Erstellung und Pflege verkehrsbasierender Geo-Daten [Bachelor]<\/li>\n<li>Entwicklung eines CMIS-f\u00e4higen Web-Frontends f\u00fcr ein Archivierungssystem [Bachelor]<\/li>\n<li>Entwicklung eines Konzepts zur Mitgliederwerbung einer Fachgesellschaft f\u00fcr Informatik [Bachelor]<\/li>\n<li>Implementierung eines Anti-Spam-Plugins f\u00fcr Outlook [Diplom]<\/li>\n<li>Implementierung eines Anti-Spam-Plugins f\u00fcr Thunderbird [Diplom]<\/li>\n<li>Entwurf und Implementierung einer mobilen Experimentierplattform f\u00fcr Lehrveranstaltungen (MyK\u00e4fer) [Diplom]<\/li>\n<li>Gestenerkennung mit dem BlueWand [Diplom]<\/li>\n<li>Implementierung und Erprobung eines Konzeptes zur Adressverifikation des Absenders bei E-Mail-Kommunikation [Diplom]<\/li>\n<\/ul>\n","protected":false},"excerpt":{"rendered":"<p>Folgende Abschlussarbeiten wurden von Professor Hof betreut (Arbeiten an der Hochschule M\u00fcnchen sowie an der Universit\u00e4t Karlsruhe): Themenfeld \u201eMobile Security\u201c Analyse und Evaluierung von L\u00f6sungen zur Absicherung mobiler Endger\u00e4te und Entwicklung einer App f\u00fcr den Einsatz in Polizeibeh\u00f6rden [Master] Entwicklung eines Frameworks zur automatisierten Bytecodeanalyse von Android Apps [Bachelor] Sicherheitsbewertung von Verfahren zum kontaktlosen Bezahlen [&hellip;]<\/p>\n","protected":false},"author":1,"featured_media":0,"parent":14,"menu_order":0,"comment_status":"closed","ping_status":"closed","template":"","meta":{"_mi_skip_tracking":false,"_exactmetrics_sitenote_active":false,"_exactmetrics_sitenote_note":"","_exactmetrics_sitenote_category":0,"footnotes":""},"_links":{"self":[{"href":"https:\/\/muse.bayern\/index.php?rest_route=\/wp\/v2\/pages\/105"}],"collection":[{"href":"https:\/\/muse.bayern\/index.php?rest_route=\/wp\/v2\/pages"}],"about":[{"href":"https:\/\/muse.bayern\/index.php?rest_route=\/wp\/v2\/types\/page"}],"author":[{"embeddable":true,"href":"https:\/\/muse.bayern\/index.php?rest_route=\/wp\/v2\/users\/1"}],"replies":[{"embeddable":true,"href":"https:\/\/muse.bayern\/index.php?rest_route=%2Fwp%2Fv2%2Fcomments&post=105"}],"version-history":[{"count":13,"href":"https:\/\/muse.bayern\/index.php?rest_route=\/wp\/v2\/pages\/105\/revisions"}],"predecessor-version":[{"id":545,"href":"https:\/\/muse.bayern\/index.php?rest_route=\/wp\/v2\/pages\/105\/revisions\/545"}],"up":[{"embeddable":true,"href":"https:\/\/muse.bayern\/index.php?rest_route=\/wp\/v2\/pages\/14"}],"wp:attachment":[{"href":"https:\/\/muse.bayern\/index.php?rest_route=%2Fwp%2Fv2%2Fmedia&parent=105"}],"curies":[{"name":"wp","href":"https:\/\/api.w.org\/{rel}","templated":true}]}}