{"id":194,"date":"2014-11-23T22:10:43","date_gmt":"2014-11-23T22:10:43","guid":{"rendered":"http:\/\/www.vsbw.de\/~axhim\/muse\/?page_id=194"},"modified":"2014-11-26T09:46:00","modified_gmt":"2014-11-26T09:46:00","slug":"veranstaltungen","status":"publish","type":"page","link":"https:\/\/muse.bayern\/?page_id=194","title":{"rendered":"Veranstaltungen"},"content":{"rendered":"<p>Offene Vortragsreihe <a title=\"Vortragsreihe \u201cDatenschutz und IT-Sicherheit\u201d\" href=\"http:\/\/www.vsbw.de\/~axhim\/muse\/?page_id=225\">&#8220;Datenschutz und IT-Sicherheit&#8221;<\/a>.<\/p>\n<p>Veranstaltungen im <a title=\"Aktuelles Semester\" href=\"http:\/\/www.vsbw.de\/~axhim\/muse\/?page_id=220\">Wintersemester 2014\/2015.<\/a><\/p>\n<p>Veranstaltungen in<a title=\"Vergangene Semester\" href=\"http:\/\/www.vsbw.de\/~axhim\/muse\/?page_id=223\"> vergangengen Semestern<\/a>.<\/p>\n<p>M\u00f6chten Sie regelm\u00e4\u00dfig \u00fcber Neuigkeiten in der MuSe &#8211; Munich IT Security Research Group informiert werden?<br \/>\nDann <a href=\"wp-login.php?action=register\" target=\"_blank\">registrieren<\/a> Sie sich bitte f\u00fcr diese Webseite und setzen Sie den entsprechenden Haken.<\/p>\n","protected":false},"excerpt":{"rendered":"<p>Offene Vortragsreihe &#8220;Datenschutz und IT-Sicherheit&#8221;. Veranstaltungen im Wintersemester 2014\/2015. Veranstaltungen in vergangengen Semestern. M\u00f6chten Sie regelm\u00e4\u00dfig \u00fcber Neuigkeiten in der MuSe &#8211; Munich IT Security Research Group informiert werden? Dann registrieren Sie sich bitte f\u00fcr diese Webseite und setzen Sie den entsprechenden Haken.<\/p>\n","protected":false},"author":1,"featured_media":0,"parent":197,"menu_order":0,"comment_status":"closed","ping_status":"closed","template":"","meta":{"_mi_skip_tracking":false,"_exactmetrics_sitenote_active":false,"_exactmetrics_sitenote_note":"","_exactmetrics_sitenote_category":0,"footnotes":""},"_links":{"self":[{"href":"https:\/\/muse.bayern\/index.php?rest_route=\/wp\/v2\/pages\/194"}],"collection":[{"href":"https:\/\/muse.bayern\/index.php?rest_route=\/wp\/v2\/pages"}],"about":[{"href":"https:\/\/muse.bayern\/index.php?rest_route=\/wp\/v2\/types\/page"}],"author":[{"embeddable":true,"href":"https:\/\/muse.bayern\/index.php?rest_route=\/wp\/v2\/users\/1"}],"replies":[{"embeddable":true,"href":"https:\/\/muse.bayern\/index.php?rest_route=%2Fwp%2Fv2%2Fcomments&post=194"}],"version-history":[{"count":4,"href":"https:\/\/muse.bayern\/index.php?rest_route=\/wp\/v2\/pages\/194\/revisions"}],"predecessor-version":[{"id":273,"href":"https:\/\/muse.bayern\/index.php?rest_route=\/wp\/v2\/pages\/194\/revisions\/273"}],"up":[{"embeddable":true,"href":"https:\/\/muse.bayern\/index.php?rest_route=\/wp\/v2\/pages\/197"}],"wp:attachment":[{"href":"https:\/\/muse.bayern\/index.php?rest_route=%2Fwp%2Fv2%2Fmedia&parent=194"}],"curies":[{"name":"wp","href":"https:\/\/api.w.org\/{rel}","templated":true}]}}

<p>Offene Vortragsreihe <a title="Vortragsreihe “Datenschutz und IT-Sicherheit”" href="http://www.vsbw.de/~axhim/muse/?page_id=225">&#8220;Datenschutz und IT-Sicherheit&#8221;</a>.</p>
<p>Veranstaltungen im <a title="Aktuelles Semester" href="http://www.vsbw.de/~axhim/muse/?page_id=220">Wintersemester 2014/2015.</a></p>
<p>Veranstaltungen in<a title="Vergangene Semester" href="http://www.vsbw.de/~axhim/muse/?page_id=223"> vergangengen Semestern</a>.</p>
<p>Möchten Sie regelmäßig über Neuigkeiten in der MuSe &#8211; Munich IT Security Research Group informiert werden?<br />
Dann <a href="wp-login.php?action=register" target="_blank">registrieren</a> Sie sich bitte für diese Webseite und setzen Sie den entsprechenden Haken.</p>

<p>Offene Vortragsreihe &#8220;Datenschutz und IT-Sicherheit&#8221;. Veranstaltungen im Wintersemester 2014/2015. Veranstaltungen in vergangengen Semestern. Möchten Sie regelmäßig über Neuigkeiten in der MuSe &#8211; Munich IT Security Research Group informiert werden? Dann registrieren Sie sich bitte für diese Webseite und setzen Sie den entsprechenden Haken.</p>
